 85. What is the tens digit of p?
5
Let c(f) be the first derivative of 31*f**3/3 - 7*f**2 + 9*f + 218. What is the thousands digit of c(7)?
1
Let n(d) = -26*d + 33. Let k = 187 - 191. What is the tens digit of n(k)?
3
Let y be (-10)/(2 + -1 - 2). Let a(k) = 12*k - k + 10*k + 1101 + 1090 - 2214. What is the units digit of a(y)?
7
Suppose 3*c - s = -0*s + 10, c + 2*s + 6 = 0. What is the units digit of 220/(-30)*-6*1/c?
2
Suppose -i - 1088*s + 32027 = -1084*s, 5*i - 160151 = -4*s. What is the tens digit of i?
3
What is the thousands digit of 166280/56 + (-20)/70?
2
Let w(l) = -19*l - 5. Let y be w(2). Let a = 37 + y. What is the tens digit of (a + 11)*51/5?
5
Suppose 4*t - 9*t = -130. Suppose 22*u - t*u = -1272. What is the hundreds digit of u?
3
Let w(u) = -1089*u + 7897. What is the tens digit of w(0)?
9
Let c = -471 + 480. Suppose -c*x - 162 = -11*x + 5*d, -3*x + 222 = 3*d. What is the tens digit of x?
7
Let k = 3 + -1. Let w be k*2 - (-102)/(-17). What is the tens digit of (-1)/(22/(-2468)) - w/(-11)?
1
Let j(g) = -g**3 + 16*g**2 + 39*g - 50. Let w be j(18). Suppose 3*f - 1267 = -3*z + 317, w*z - 2157 = 5*f. What is the tens digit of z?
3
Let y(l) = 8*l**2 - l - 3. Let n be y(-7). Let t be (1/2)/(2/n). Let i = -92 + t. What is the units digit of i?
7
Let n be 130/2 + (-3 + 5 - 4). Suppose -n = 3*h - 189. Let q = h - 19. What is the units digit of q?
3
Let u = -31 - -31. Suppose u*m = m. Suppose m = -s + 5*j + 57, 0 = 2*s - j - 49 - 29. What is the tens digit of s?
3
Let g(x) = -17*x**2 - 5*x + 6. Let m be g(2). Let b = 74 + m. Suppose k - 5 = -o, -b*o - 2*k = 2*k - 18. What is the units digit of o?
1
What is the units digit of 340*31 - 20/12*-3?
5
Let u = -972 + -1. Let o = u + 1417. What is the hundreds digit of o?
4
Suppose 12*n - 3344 = 4*n. Let r = n - -483. What is the tens digit of r?
0
Suppose 0 = -5*i - 5*v + 995, 4*v - 8 = 2*v. Let j = i - 462. What is the tens digit of ((-1)/(-2))/(9/(-6))*j?
8
Let b = 248 - 248. Suppose b = 2*t + 2*t + 2*r - 878, 2*t - r - 449 = 0. What is the units digit of t?
2
What is the hundreds digit of -8*11*(-33)/(-484)*16162/(-3)?
3
Suppose -82*z + 326435 + 602917 + 677684 = 0. What is the hundreds digit of z?
5
Suppose 26*d + 18*d = 44. Let b(u) = 1944*u**3 + 6*u**2 - 7*u + 2. What is the hundreds digit of b(d)?
9
Suppose 0 = -6*k - 72 + 12. What is the units digit of k/(-20) - 1593/(-6)?
6
Suppose 0 = -4*t - t + 25, 0 = -3*i + 4*t - 1025. Let n = i - -464. What is the hundreds digit of n?
1
Suppose 22870*c + 68020 = 22874*c. What is the thousands digit of c?
7
Let x(y) = -y**3 - 13*y**2 + 27*y - 75. Let k(j) = -j**3 + 27*j**2 - 52*j + 34. Let t be k(25). What is the hundreds digit of x(t)?
2
Suppose -6*u = -3*v - 11958, -9*u = -7*u + 4*v - 4006. What is the tens digit of u?
9
Let a = 57 - 71. Let d be (-18 + -17)*6/a*76. Suppose 2*p = 0, p = n + 4*n - d. What is the tens digit of n?
2
Let r(c) = -6*c - 54. Suppose -31 = 5*n + 14. Let q be r(n). Suppose 87 = -2*l + t + 264, -2*l - 4*t + 182 = q. What is the units digit of l?
9
Suppose -4*y - 3*p + 12556 = 0, -5*y = -133*p + 128*p - 15730. What is the hundreds digit of y?
1
Suppose 3*h - 4*f - 11257 + 312 = 0, -18247 = -5*h + 4*f. What is the tens digit of h?
5
What is the tens digit of (-20)/(-6)*(-341712)/(-560)?
3
Let x be 2/((-2)/12 - 25/(-30)). What is the hundreds digit of x/(-2)*(-317 - -11)?
4
Suppose -u = -2*u - 5*p - 381, 1612 = -4*u + 2*p. Let o = u - -1102. What is the tens digit of o?
0
Suppose -112*k = -116*k - 4*q + 82780, 3*k = -4*q + 62078. What is the thousands digit of k?
0
Let s(o) = 12*o**2 + 9*o - 39. What is the tens digit of s(22)?
6
Let d = 18756 + -10541. What is the tens digit of d?
1
Suppose -3*c - p = -8*c + 1315, -2*c + 514 = 2*p. Let q = -144 + c. What is the tens digit of q?
1
Let v = 21 - 21. Suppose -2*n + 6 = -4*c, v*c + n + 13 = -2*c. What is the tens digit of 2 - (-82)/c*-4*1?
8
Let t be ((-5)/((-20)/18) - 3)*124. Let w = -94 + t. What is the units digit of w?
2
Let i = -5345 - -9555. Suppose 14*y - 3462 = i. What is the units digit of y?
8
Let u(z) = z**2 + 3*z + 2. Let q be u(-4). Suppose 0 = 3*a - q - 15. Suppose -a*n + 546 = -322. What is the units digit of n?
4
Let t be (12/(-14))/(8/(-28)). Let p(n) = 3*n - 6. Let h be p(t). Suppose -167 = -4*o - k - 0*k, 0 = h*o + 2*k - 119. What is the units digit of o?
3
Let y = 88 - 226. Suppose 8*m = 1833 + 1039. Let n = m + y. What is the hundreds digit of n?
2
What is the hundreds digit of ((-116)/406)/((-2)/12068)?
7
Let t = -616 + 548. What is the tens digit of (-27336)/t - (-4 - (0 - -1))?
0
Suppose -5*t = -4*d - 9 - 11, 0 = -4*d + 2*t - 20. Let x = d - -7. Suppose -x*n + 2*z + 138 = -2*z, 0 = -4*n - 3*z + 298. What is the units digit of n?
3
Let l(o) = -o**2 + 13*o + 5. Let q be l(13). What is the units digit of 452 + -43 - (2 + q)?
2
Let y = 113 - 60. Let l = -61 + y. What is the tens digit of (l - -1)*(-480)/168?
2
Let h(q) = -4*q**3 - 14*q**2 + 33*q - 104. What is the units digit of h(-11)?
3
Suppose -5843 = -3*p + 45*t - 49*t, -5*p = -3*t - 9777. What is the thousands digit of p?
1
Let x(q) = 6*q**2 + 3*q + 2. Let l be x(-1). What is the units digit of ((-5 - 249) + l)/((-3)/5)?
5
Suppose -30*z + 26*z = -7356. Suppose 39*m - 42*m + z = 0. Suppose -m = -7*p + 101. What is the hundreds digit of p?
1
Suppose 5*h + 3*i - 113133 = 0, 2*h = h - i + 22627. What is the thousands digit of h?
2
Let g be 2*-2 + 3/((-12)/(-1036)). Suppose -4*p = -p - g. Let u = -76 + p. What is the units digit of u?
9
Suppose -12 = 6*s - 9*s. Let i be (s/8)/(1/108). Let z = 113 - i. What is the tens digit of z?
5
Suppose 2*i + 5 = 5*k, -9 + 5 = -2*i + 2*k. Suppose 0 = 3*d - 5*f - 31, i*d - d - 2*f = 18. Suppose 12 = 5*v + 2*q, -d*q = 9 - 1. What is the units digit of v?
4
Suppose -21*b = 17*b - 6536. What is the tens digit of b?
7
Let g(m) = -120*m - 3. Let h = -279 + 189. Let k = 89 + h. What is the units digit of g(k)?
7
Let h(d) = -d**3 - 3*d**2 + 5*d + 74. What is the tens digit of h(-11)?
8
Let o(g) = -323*g + 7854. What is the units digit of o(8)?
0
Let c = -167 + 209. Suppose 37*t = c*t - 4550. What is the units digit of t?
0
Let v(m) = -5*m**3 - 2*m**2 - 4*m - 2. Let b be v(-1). Suppose -4*z + 3*z - 5*h = -790, b*z = -5*h + 3950. What is the tens digit of z?
9
Let b(w) be the third derivative of -19*w**6/30 + w**5/60 + w**4/4 + 2*w**3 + 111*w**2. What is the units digit of b(-2)?
2
Suppose 0 = 10*b + 219 - 959. What is the tens digit of b?
7
Suppose 5*s - 447 = v, 5*s + 435 = 10*s - 5*v. Let p = 89 - s. What is the units digit of 1/p*(-32 + 3 + 0)?
9
Let n = -706 + -418. What is the tens digit of ((-171)/(-36) - 5)*n?
8
What is the units digit of -3 - 607012/(-57) - 8/6?
5
Suppose -180*g - 464325 = -303*g. What is the hundreds digit of g?
7
Let q be (-3 + 23/7)*(-1 + 8). Suppose -3*f = 5*b + 611, 0*f - 490 = 4*b + q*f. Let y = b + 286. What is the tens digit of y?
6
Let z(c) = -39*c - 128. Let y be z(-4). What is the hundreds digit of (-14)/(-49) - (-22364)/y?
7
Let k(j) = 9*j - 3. Let p(z) = -z. Let i(l) = k(l) + 2*p(l). Let u be i(1). Suppose u*d + 0*d - 43 = -r, -4*r = -d - 206. What is the units digit of r?
1
What is the ten thousands digit of 13308 + (12/5)/(8/(-20))?
1
Let b = 199925 + -120629. What is the thousands digit of b?
9
Suppose 2*d - 9398 - 10256 = 0. What is the thousands digit of d?
9
Suppose 6*b - 15*b - 1017 = 0. What is the units digit of b*(4 - (-5 + 13))?
2
Let v = 27915 - 4412. What is the ten thousands digit of v?
2
Suppose 4*p = 5*a - 579, 5*p + 5*a = 394 - 1129. Let r = p - -583. What is the units digit of r?
7
Suppose j = 3*u + 30338, -4*u - 177314 = -5*j - 25646. What is the tens digit of j?
3
Let f(b) = -146*b**3 + 5*b**2 + 3*b - 2. Let j(x) = 145*x**3 - 6*x**2 - 4*x + 2. Let c(t) = 5*f(t) + 4*j(t). What is the hundreds digit of c(-1)?
1
Let q(o) = 9*o**2 + 29*o - 326. What is the tens digit of q(-25)?
7
Suppose a - b - 3 = 11, -3*b - 12 = -a. Suppose -3*y - a = 3*c, -2*y + c - 15 = 7. Let t(q) = -13*q + 7. What is the tens digit of t(y)?
2
Let a = 253 + -250. What is the units digit of 56/a*(30 - 15)?
0
Let m(x) = 5*x + 52. Let y be m(-10). Let p = -254 - -453. What is the hundreds digit of p + y/(-4)*-10?
2
Suppose 0 = 59*s + 140*s - 1734242 - 3298